). Let d = t - 237. What is the hundreds digit of d?
2
Suppose 14*p - 18*p = -20. Suppose -7*n + p = -6*n. Suppose -4*j + 16 = 0, -n*v - j + 396 = 3*j. What is the units digit of v?
6
Let g be (1*(-6)/15)/((-3)/(-90)). What is the hundreds digit of (-24)/(-144) + (-5302)/g?
4
Suppose -12*c + 65744 + 97492 = 0. What is the units digit of c?
3
Let p(a) = 4*a + 14. Let j be p(-3). Let f be 3 + (6 - j) + 0. Suppose -q = -f*q + 180. What is the tens digit of q?
3
Let h = -107 + 109. Let f(g) = -g**2 - 6*g + 2. Let i be f(-6). Suppose 72 = i*v + 4*w, v + w - 21 = h*w. What is the tens digit of v?
2
Let b(n) = 46*n - 31. Let t be 1*(2 - (-3 - -1)). Suppose s - 2*y - 24 = 2*y, -4*s - t = 4*y. What is the units digit of b(s)?
3
Let y(q) = q**3 + 18*q**2 + 8*q + 170. What is the units digit of y(-15)?
5
Let o = 44061 - 23825. What is the ten thousands digit of o?
2
Suppose -7*l = 166 - 570 - 1304. What is the hundreds digit of l?
2
Suppose 0 = 8*y + 22*y + 3360. Let s = y - -498. What is the hundreds digit of s?
3
What is the ten thousands digit of (-12)/8*(-104860)/3?
5
Let x(j) be the second derivative of j**3/6 + 4*j**2 + 27*j. Let a be x(4). Suppose -a*n - 312 = -14*n. What is the hundreds digit of n?
1
Let t = 14412 + -970. What is the thousands digit of t?
3
Let x(h) = 999*h**3 + 2*h**2 + h - 7. What is the units digit of x(2)?
5
What is the units digit of 1/(1 + 6664/(-6666))?
3
Let i be (43 - (-20)/(-5))*(-1)/(-3). Let h(j) = -12*j + 9*j**2 - i + 17 + 0*j. What is the units digit of h(6)?
6
Suppose 0 = -35*t - 93960 + 483895. What is the ten thousands digit of t?
1
Let b(o) = o**3 - 2*o**2 + o + 3118. Let j be b(0). Suppose -8*z - 2*g + j = -5*z, 4*z = -g + 4164. What is the units digit of z?
2
Suppose 8*r + 55*r = 126. Suppose -4*c - r*j = -2328, j - 275 = -c + 309. What is the units digit of c?
0
Suppose 35*t = 38*t + 1821. Let s = t + 879. Let j = s + -160. What is the tens digit of j?
1
Let h(m) = 6 + 1 - 5 + 12*m. Let x be h(3). Let c = -33 + x. What is the units digit of c?
5
Let h be 9/3 - 1 - 4. Let s = h - 28. What is the units digit of (-18)/s*-2*(-110)/3?
4
Suppose 3*z = -4*t + 39113, 319*z + 3*t + 39162 = 322*z. What is the units digit of z?
7
Let l(g) = -g**2 - 17*g - 32. Let a be l(-15). What is the hundreds digit of (a - 14/(-4))*668/3?
3
Let q = -6705 + 15601. What is the units digit of q?
6
Let l = -41568 + 128649. What is the ten thousands digit of l?
8
Let r(q) = 222*q**2 - 164*q + 925. What is the tens digit of r(17)?
9
Let f = -5332 + 7528. What is the tens digit of f?
9
Let i(x) = x**3 - 16*x**2 + 11*x + 17. Let q be i(17). Suppose g + 5*a - q = 0, -38*g + 39*g - 481 = -a. What is the units digit of g?
8
What is the tens digit of 4929 + -4 - (-9 - -18)?
1
What is the hundreds digit of 10*(-1 + 3861/6)?
4
Suppose 250*l = 212*l + 320454. What is the hundreds digit of l?
4
Let o(i) = 2*i**3 + 22*i**2 + 11*i - 3. Suppose 15*d + 29 + 136 = 0. Let n be o(d). Let z = 20 - n. What is the units digit of z?
4
Let v = 11 + 2. Suppose 5*x - v + 18 = 0. What is the units digit of (-33)/(-1) - (x - -1)?
3
Suppose -h = w - 38776, h - 7*w - 38770 = -10*w. What is the ten thousands digit of h?
3
Suppose -12*c + 4836 = 2*d - 14*c, 0 = 3*d - 2*c - 7249. What is the hundreds digit of d?
4
Let s(j) = j + 44. Let z be 0 + 15 + 0 + 4. Let d be s(z). Suppose 2*u - 299 = -d. What is the hundreds digit of u?
1
Suppose -2*l = -59 + 53. Suppose -2*c - 5*o = 4 - 3, 0 = c - 4*o - 6. Suppose 0 = l*k + c*t - 331, -3*k + 4*t = 2*k - 515. What is the units digit of k?
7
Let q = 4514 - 501. What is the thousands digit of q?
4
Let w be 0 - (-1)/((-4)/2156). Let n = 988 + w. What is the units digit of n?
9
Let p = 1602 - -739. What is the units digit of p?
1
Let z(t) = 2 + 206*t**2 - 198*t**2 - 17 - 3*t. What is the hundreds digit of z(-6)?
2
Suppose -11*c + 16922 = 1797. What is the units digit of c?
5
Let o(z) = z**3 - 16*z**2 + 9*z + 25. Suppose -51 = -5*r + 34. What is the hundreds digit of o(r)?
4
Let t = -109 - -112. Suppose -h - 6 = -2, 8 = 4*k - t*h. What is the hundreds digit of 223 + 1 + k*(8 - 10)?
2
Suppose 34*s = -31*s - 15274 + 283659. What is the units digit of s?
9
Suppose 173*c - 1317561 = 27*c + 131197. What is the thousands digit of c?
9
Let s be (-16)/(-10) + 60/150. Suppose a - 532 - 764 = -3*x, -s*x - a = -865. What is the units digit of x?
1
Suppose -2 - 2 = -5*x + 4*l, l = 2*x - 4. Suppose 4 = 2*h, x*g - 7*h - 1106 = -6*h. What is the hundreds digit of g?
2
Let l = 712 + 4758. What is the units digit of l?
0
Let d(p) = 4*p**2 + 171*p - 725. What is the tens digit of d(-135)?
9
Suppose 0 = -5*j - 3*l - l + 37, -j = -3*l - 15. Suppose -21976 = -4*d - 5*g + 133, 5*g - 5 = 0. What is the units digit of j/7 + -1 - d/(-63)?
8
Suppose 8*y = y + 14. Let l(g) = -6*g**2 - g - 1. Let u be l(-1). What is the tens digit of 1/(-3) - 310*y/u?
0
Suppose -5*w + 822 = 2*y - w, 1173 = 3*y - 4*w. What is the hundreds digit of y?
3
Suppose -5*f + c = -4*f + 341, 2*f + 702 = -2*c. Let t(v) = -246*v**3 - v**2. Let w be t(1). Let k = w - f. What is the units digit of k?
9
Let i be 4 + 2 + (5 - 2). Suppose 4*a - i = 3. Suppose -3*t - a*x = -x - 176, -2*t - 2*x = -114. What is the tens digit of t?
6
Let p(y) = y**2 - 2*y + 2. Let j = 46 + -44. Let t be p(j). Suppose -5*s - 135 = -4*w + 60, 2*w = t*s + 98. What is the units digit of w?
0
Let y be (-699)/(-9) + 8/(-12). Let v be (-14)/y - 805/(-11). Suppose 0 = -2*n + 335 + v. What is the hundreds digit of n?
2
Let i(c) = -688*c - 1224. What is the ten thousands digit of i(-19)?
1
Let m = -598 - -979. Let j be -6 + 3 + m/(-3). Let r = -82 - j. What is the tens digit of r?
4
Let a = 19112 + -10405. Suppose 29*n - 2*i - a = 24*n, -5233 = -3*n - i. What is the hundreds digit of n?
7
Let o = -66 + 66. Suppose o = 4*g, -4*g - 21 = -h - 2*g. Suppose 19*a = h*a - 304. What is the units digit of a?
2
Suppose -a + 2*a = 9*a. Suppose a = 4*u - 6*u + 5*v + 2320, -u + 1162 = -2*v. What is the units digit of u?
0
Suppose -3*k = -4*w + 156204, 218589 = 4*w + 4*k + 62385. What is the tens digit of w?
5
Suppose 5*a + 125*j - 129*j - 35282 = 0, 0 = 3*a + 3*j - 21153. What is the thousands digit of a?
7
Let s = 54 - 273. What is the tens digit of (s/15 + -1)/((-2)/35)?
7
Suppose 227778 = 2*l + 29*l - 95180. What is the ten thousands digit of l?
1
Suppose 39*q = 48*q - 27. Suppose -g + 481 = -2*y, 1473 = q*g - 0*y + 4*y. What is the hundreds digit of g?
4
Let j = -39 - -46. Suppose 3*v - j = -1. Suppose v*p = 3*q - 271 + 24, 4*q - 2*p = 330. What is the tens digit of q?
8
What is the hundreds digit of 32/10*(-562585)/(-148)?
1
Let r = 637 - 215. Let v(a) = a**2 + 3*a - 6. Let p be v(-5). Suppose -r = -p*s - 98. What is the tens digit of s?
8
Let g(l) = -2*l**3 - 6*l**2 + 19*l + 6. Let n be g(-10). Let k = n - 820. What is the tens digit of k?
9
Suppose 62351 = 20*v - 118918 - 171411. What is the thousands digit of v?
7
Suppose -4*k + 11 + 15 = -c, 5*k - 3*c = 36. Suppose k*y - 5*r + 1734 = 8*y, y = 2*r + 876. What is the units digit of y?
2
Let p be -3 + 5 + (-4 - 637). Let b = p + 1053. Let q = b - 212. What is the units digit of q?
2
Let d(s) = -5*s**2 + 587 - s + s**3 + 598 - 18*s - 1201. What is the hundreds digit of d(9)?
1
Suppose 128*m - 115*m = 46228. Let p = m + -1881. What is the units digit of p?
5
Let n = 8445 + -2974. What is the units digit of n?
1
Let z(f) = 3*f**2 + 3*f + 14. Let b(g) = g - 5. Let h be b(-7). What is the units digit of z(h)?
0
Suppose -3*j + 26 + 29 = -o, -5*o = 3*j - 67. Suppose 34 = 3*r + j. What is the units digit of r + 0 - (-20 - 13)?
8
Let t be 32 + 1 + 2/(-3)*3. Suppose 5*a - t = 2*x, -4*a + 38 = -2*x + 12. Suppose -o - a*o = -378. What is the tens digit of o?
6
Suppose -14*k + 12*k + 28 = 0. Suppose 28 = -6*z - k. Let r(m) = -m**2 - 18*m - 15. What is the units digit of r(z)?
2
What is the units digit of 2/(-8) + (-90132)/(-464)?
4
Let x = -823 + 1668. Suppose -5*l - x = 6*r - r, 3*r = 4*l + 676. Let z = -27 - l. What is the tens digit of z?
4
Let q = -10077 + 94352. What is the units digit of q?
5
Let o(u) = u**2 + 15*u + 61. Let z be o(-8). Suppose -2*h = -d + 55, z*d = -4*h + 3*h + 330. What is the units digit of d?
5
Let j = 145688 - 59499. What is the thousands digit of j?
6
Let w(g